3. What is the greatest common factor of h and 18?
18
Let j = 24 - 6. What is the highest common factor of j and 9?
9
Let p(c) = c**2. Let x be p(2). Suppose -x*z = -9*z + 150. Calculate the highest common factor of 12 and z.
6
Suppose 0 = 3*x + 19 - 4. Let y = x - -9. Suppose -r - 51 = 3*o - 200, 0 = y*o + 3*r - 207. What is the greatest common divisor of 6 and o?
6
Suppose -4*z = -95 - 33. What is the highest common factor of z and 4?
4
Let b be (3 + -2 + -3)/2. Let h be 15/((b - 0) + 2). Suppose -v + h - 1 = 0. Calculate the highest common divisor of v and 2.
2
Suppose 5*t = -167 - 513. Let o = -94 - t. Suppose -3 = -5*k + 67. What is the highest common factor of k and o?
14
Let c(h) = -h**3 - 7*h**2 + 8*h - 1. Let l be c(-8). Let m be (-1)/(2/52)*l. Let j be (-4)/(-8)*(-5 - -135). What is the highest common divisor of m and j?
13
Let r be (1 + 19 - -2)*2. Let d be ((-15)/(-3))/(1*-1). Let n(c) = -c**3 - 4*c**2 + 2*c - 4. Let a be n(d). Calculate the greatest common divisor of r and a.
11
Let n be (-2)/(2 + 0) - -1. Suppose 2*s = 4*a + 26, -s - s + 5*a + 21 = n. What is the greatest common divisor of s and 23?
23
Suppose -q = -0*j - 4*j + 68, 4*j - 52 = 5*q. Calculate the greatest common divisor of j and 162.
18
Let n be ((32/(-12))/4)/((-3)/216). What is the highest common factor of n and 16?
16
Let m(r) = r - 6. Let t be m(-8). Let l = 29 + t. Let y = -179 + 314. What is the highest common factor of y and l?
15
Let c(o) = 6*o + 18. Let f be -2 + (-2 - -13) + 0. Let v be c(f). Calculate the greatest common factor of v and 8.
8
Let t be 14/6*(-6 + 18). Suppose -4*n - 24 = -v - 0*n, 3*n - t = -5*v. What is the greatest common divisor of v and 2?
2
Let u be (-2)/(-3) - 154/(-21). What is the greatest common divisor of 40 and u?
8
Let m = 84 - 63. What is the greatest common factor of m and 7?
7
Let a(l) be the third derivative of l**4/24 + 3*l**3/2 - 5*l**2. Let c be a(0). Calculate the greatest common divisor of 63 and c.
9
Let b be ((-114)/18)/(1 - (-8)/(-6)). Calculate the greatest common divisor of b and 95.
19
Suppose 3*i + 0*i = 3*c + 54, -30 = -3*i - 5*c. Let s be ((-28)/(-3))/(10/i). Calculate the highest common divisor of 70 and s.
14
Suppose 10*o = 15*o - 45. Suppose 5*m = 4*i + m - 60, 3*i = -4*m + 66. What is the highest common factor of i and o?
9
Let d(r) be the third derivative of r**4/12 - 3*r**3/2 - 2*r**2. Let w be d(6). Suppose 71 + 25 = w*g. What is the highest common factor of 16 and g?
16
Let y be (-40)/(-22) - 12/(-66). Let w be 244/5 + y/10. What is the greatest common divisor of w and 7?
7
Suppose 299 = 3*s - 247. What is the greatest common factor of s and 14?
14
Let r = -23 - -100. Calculate the highest common factor of 11 and r.
11
Let w(b) = -13*b + 19. Let o be w(-5). Calculate the highest common factor of 12 and o.
12
Suppose 3*g = 5*f + 6*g - 1535, -2*f - 2*g = -618. Calculate the greatest common divisor of f and 38.
38
Suppose l = 0, 5*w + 2*l + 0*l - 20 = 0. Suppose 0 + 4 = w*b. Let c = b + 0. What is the highest common divisor of 7 and c?
1
Let o be (-8)/40 - (-882)/10. What is the highest common factor of o and 8?
8
Let l be 3 - (1 + -1 + -21). Let h be (6 - 5) + 2/1. Calculate the highest common factor of h and l.
3
Suppose -2 = -5*g - 4*n + 1, 0 = -5*g - 5*n. Suppose g*q = 2*j + 3*j - 135, j + 2*q = 14. What is the greatest common divisor of 8 and j?
8
Let v be (1 - 4) + 5 + 8. Suppose 4*s - 8 = 4*c, -3*c + 8*c = -4*s + 26. Let l be (16/2)/(s/10). Calculate the highest common divisor of l and v.
10
Suppose q + 14 = 8*h - 3*h, -3*h + 59 = 4*q. Suppose 143 = 2*f + 33. What is the highest common divisor of q and f?
11
Let z(b) = -2*b - 2. Let q be z(-6). Suppose 0*v - q = -2*v. Suppose 146 + 204 = v*l. Calculate the greatest common factor of 14 and l.
14
Suppose 0 = 3*q - 103 - 89. What is the greatest common divisor of q and 8?
8
Suppose 2*k - 227 = -3*g, -572 = -5*k + 3*g - 6*g. Let o be 648/14 + (-2)/7. Calculate the highest common factor of k and o.
23
Let a = -31 - -187. What is the greatest common divisor of a and 12?
12
Let u = 88 + -43. Calculate the highest common divisor of u and 5.
5
Let z be (2 - -2) + 82 + 2. Calculate the greatest common divisor of z and 11.
11
Suppose 2*b + 5*l = b + 13, -5*l + 17 = -b. Let i be (-27)/b - 3/(-6). What is the greatest common divisor of 2 and i?
2
Let w(l) = 4*l**3 + l**2 - 2*l + 1. Let h be w(1). Suppose 0*f - 14 = 5*b - f, -h*f + 8 = -4*b. Let n = 4 + b. Calculate the highest common divisor of n and 11.
1
Let z be 4/2*12/8. Suppose -j = 3*q - 39, -2*j = -j - z*q - 21. What is the highest common divisor of j and 240?
30
Let f(s) = 2*s - 4. Let c be f(6). Let l(n) = -9*n - 1. Let o be l(-1). Calculate the greatest common divisor of c and o.
8
Suppose 0 = 5*u + 4*x - 0*x - 56, -u - 5*x + 7 = 0. Calculate the highest common factor of 30 and u.
6
Let x(l) = -2*l**3 - l**2 - 2. Let g be 2*((-3)/(-3) - 2). Let s be x(g). What is the greatest common factor of s and 10?
10
Suppose 5*d - 135 = -5*x, -2*d + 15 = -5*x - 18. What is the greatest common factor of 6 and d?
6
Suppose 0 = k - 6 + 5, x + 5 = -k. Let r be -3*x/9*4. Suppose -l + 30 = -2*p, 5*l + 4*p - 95 = 3*p. Calculate the greatest common factor of l and r.
4
Suppose 5*k = -2*x + 45, -x + 1 = -4. Suppose -k = -5*o - 2. What is the greatest common divisor of 2 and o?
1
Suppose 2*b = 5*b - 60. Calculate the greatest common divisor of b and 180.
20
Let q(f) = -f**3 + 7*f**2 + 4*f - 14. Let m be q(7). Suppose 0 = -2*o - 3*o + 15. Let c be 2/o + 61/3. Calculate the highest common factor of m and c.
7
Suppose -u - 4*w = 3, -12 = -3*u - w - 4*w. Let z be (-10)/3 + 3/u. Let g be (z/(-4))/((-2)/(-24)). What is the highest common divisor of 45 and g?
9
Let r = 82 + -54. Calculate the greatest common factor of r and 7.
7
Let k = 118 - 62. Let o be 2 - -3*(-6)/(-9). Suppose 0 = -o*n + 22 + 6. What is the greatest common factor of k and n?
7
Let f = 52 - -56. What is the highest common factor of 12 and f?
12
Let r be (-30)/(-4) + (-3)/(-6). Suppose -2*n = s - 92, 2*n + r*s - 98 = 4*s. Calculate the highest common factor of n and 9.
9
Let w be 3 + (5 - 2 - -10). Let n be 66/4 - 24/w. What is the greatest common divisor of 45 and n?
15
Let n(b) be the third derivative of -b**6/120 + 7*b**5/60 + b**4/12 + 7*b**3/6 + 3*b**2. Let q be n(6). What is the greatest common factor of q and 22?
11
Let m be 6/9 + (-32)/(-6). Suppose -3*q + s = -201, -6*q + 2*q + 276 = -4*s. Calculate the highest common divisor of m and q.
6
Let b be ((-3)/6)/((-2)/(-600)*-2). Let i(y) = 4*y**2 - 1. Let x be i(2). What is the greatest common factor of b and x?
15
Suppose 3*j = 5*f - 435, -f + 87 = -2*j - 3*j. What is the greatest common factor of 58 and f?
29
Let m(d) = -d + 7*d**2 + 1 - 5 + 4. Let s be m(-2). Let z be (-1 - -2)/((-4)/(-24)). Calculate the highest common factor of s and z.
6
Let c(m) = m**3 - m**2 + m + 25. Let j be c(0). Suppose z + 4*z = j. Let d be ((-1)/2)/(z/(-20)). Calculate the highest common factor of 6 and d.
2
Suppose f + 2*t - 21 = 0, 2*f + 2*t + 0 = 42. Calculate the highest common factor of 231 and f.
21
Let v be 447/5 - 8/20. Let n = v + -53. Calculate the greatest common divisor of 12 and n.
12
Suppose -j - 1 = -16. Let z(m) = 7*m - 10. Let c(v) = -1. Let p(a) = c(a) + z(a). Let x be p(8). What is the highest common factor of j and x?
15
Let w(m) = 0 - 3 - 3*m + 6. Let l be w(-9). Suppose -k + l = 4*k. What is the highest common divisor of k and 2?
2
Let p(k) be the second derivative of k**4/12 + 18*k**2 - 3*k. Let s be p(0). Let y be (54/(-15))/((-4)/10). Calculate the highest common factor of y and s.
9
Let u(g) = -g + 16. Let x be u(5). Calculate the highest common divisor of 11 and x.
11
Let v be (-2)/4*2*(-2 - 28). What is the highest common divisor of 30 and v?
30
Suppose u - 4*u = -18. Let z = u - 11. Let d = z - -60. Calculate the greatest common divisor of d and 22.
11
Let t(n) = -n**3 + 9*n**2 - 6*n + 5. Suppose 4*w - 8 = 0, 3*w + 2 = -g + 16. Let b be t(g). Let m = -7 + b. What is the highest common factor of 2 and m?
2
Let q = 11 + -6. Suppose 0*b = q*b - 110. Let y be 766/14 + (-4)/(-14). What is the highest common factor of b and y?
11
Let q(r) = 6*r**2 + 2*r. Let g be q(-2). Let w be 45/12*(1 + 15/9). C